{"id":1378,"date":"2022-10-14T10:02:35","date_gmt":"2022-10-14T10:02:35","guid":{"rendered":"https:\/\/ap-lean.ch\/?page_id=1378"},"modified":"2023-04-14T19:26:49","modified_gmt":"2023-04-14T19:26:49","slug":"kanban","status":"publish","type":"page","link":"https:\/\/ap-lean.ch\/?page_id=1378","title":{"rendered":"Kanban"},"content":{"rendered":"\t\t<div data-elementor-type=\"wp-page\" data-elementor-id=\"1378\" class=\"elementor elementor-1378\">\n\t\t\t\t\t\t<section class=\"elementor-section elementor-top-section elementor-element elementor-element-131f92c7 elementor-section-boxed elementor-section-height-default elementor-section-height-default\" data-id=\"131f92c7\" data-element_type=\"section\" data-e-type=\"section\">\n\t\t\t\t\t\t<div class=\"elementor-container elementor-column-gap-default\">\n\t\t\t\t\t<div class=\"elementor-column elementor-col-100 elementor-top-column elementor-element elementor-element-15f063e9\" data-id=\"15f063e9\" data-element_type=\"column\" data-e-type=\"column\">\n\t\t\t<div class=\"elementor-widget-wrap elementor-element-populated\">\n\t\t\t\t\t\t<div class=\"elementor-element elementor-element-4e5beb58 elementor-invisible elementor-widget elementor-widget-text-editor\" data-id=\"4e5beb58\" data-element_type=\"widget\" data-e-type=\"widget\" data-settings=\"{&quot;_animation&quot;:&quot;fadeIn&quot;}\" data-widget_type=\"text-editor.default\">\n\t\t\t\t<div class=\"elementor-widget-container\">\n\t\t\t\t\t\t\t\t\t<p><\/p>\n<h3><strong>Kanban als Steuerungsverfahren<\/strong><\/h3>\n<p>\u00a0<\/p>\n<p style=\"text-align: left;\"><em><span style=\"color: #00ccff;\"><strong>Kanban<\/strong><\/span> ist eine agile Methode, um den <strong>Materialfluss<\/strong> zu steuern &amp; zu optimieren. Man m\u00f6chte dadurch <strong>Engp\u00e4sse<\/strong> &amp; gleichzeitig einen zu hohen <strong>Vorrat<\/strong> von Produktionsmaterialien vermeiden. Die hohe Produktivit\u00e4t &amp; die Qualit\u00e4t eines Produktes soll dabei gesteigert werden, welches aus der Optimierung des Workflows resultiert.<\/em><\/p>\n<p>\u00a0<\/p>\n<p><img fetchpriority=\"high\" decoding=\"async\" class=\"alignnone size-medium wp-image-1404 aligncenter\" src=\"https:\/\/ap-lean.ch\/wp-content\/uploads\/2022\/10\/63491f69a02f7a9ff8d7c7aa-300x300.jpeg\" alt=\"\" width=\"300\" height=\"300\" srcset=\"https:\/\/ap-lean.ch\/wp-content\/uploads\/2022\/10\/63491f69a02f7a9ff8d7c7aa-300x300.jpeg 300w, https:\/\/ap-lean.ch\/wp-content\/uploads\/2022\/10\/63491f69a02f7a9ff8d7c7aa-1024x1024.jpeg 1024w, https:\/\/ap-lean.ch\/wp-content\/uploads\/2022\/10\/63491f69a02f7a9ff8d7c7aa-150x150.jpeg 150w, https:\/\/ap-lean.ch\/wp-content\/uploads\/2022\/10\/63491f69a02f7a9ff8d7c7aa-768x768.jpeg 768w, https:\/\/ap-lean.ch\/wp-content\/uploads\/2022\/10\/63491f69a02f7a9ff8d7c7aa.jpeg 1080w\" sizes=\"(max-width: 300px) 100vw, 300px\" \/><\/p>\n<p>\u00a0<\/p>\n<p><em><\/em><\/p>\n<p><em>Das Grundprinzip von <span style=\"color: #00ccff;\"><strong>Kanban <\/strong><span style=\"color: #000000;\">ist,<\/span><\/span>\u00a0Aufgaben in <strong>kleinen Schritten<\/strong> anzugehen &amp; diese <strong>nacheinander<\/strong> abzuarbeiten. Man m\u00f6chte mit Kanban eine hohe Menge an Aufgaben vermeiden, die begonnen, meist parallel bearbeitet &amp; nie fertig gestellt werden<\/em>.<\/p>\n<p>\u00a0<\/p>\n<p style=\"text-align: center;\"><span style=\"color: #00ccff;\"><em>Interesse an unserer <strong>Kanban<\/strong>-Methode? Nimm einfach Kontakt mit uns auf, unter folgendem Button \u2026<\/em><\/span><\/p>\n<p>\u00a0<\/p>\n<p><\/p>\t\t\t\t\t\t\t\t<\/div>\n\t\t\t\t<\/div>\n\t\t\t\t\t<\/div>\n\t\t<\/div>\n\t\t\t\t\t<\/div>\n\t\t<\/section>\n\t\t\t\t<section class=\"elementor-section elementor-top-section elementor-element elementor-element-2a2fda2 elementor-section-boxed elementor-section-height-default elementor-section-height-default\" data-id=\"2a2fda2\" data-element_type=\"section\" data-e-type=\"section\">\n\t\t\t\t\t\t<div class=\"elementor-container elementor-column-gap-default\">\n\t\t\t\t\t<div class=\"elementor-column elementor-col-100 elementor-top-column elementor-element elementor-element-75d5ab7\" data-id=\"75d5ab7\" data-element_type=\"column\" data-e-type=\"column\">\n\t\t\t<div class=\"elementor-widget-wrap elementor-element-populated\">\n\t\t\t\t\t\t<div class=\"elementor-element elementor-element-63131fd elementor-widget elementor-widget-heading\" data-id=\"63131fd\" data-element_type=\"widget\" data-e-type=\"widget\" data-widget_type=\"heading.default\">\n\t\t\t\t<div class=\"elementor-widget-container\">\n\t\t\t\t\t<h2 class=\"elementor-heading-title elementor-size-default\">\"Stoppe das Starten - Starte das Erledigen\"\n<br><br><\/h2>\t\t\t\t<\/div>\n\t\t\t\t<\/div>\n\t\t\t\t\t<\/div>\n\t\t<\/div>\n\t\t\t\t\t<\/div>\n\t\t<\/section>\n\t\t\t\t<section class=\"elementor-section elementor-top-section elementor-element elementor-element-83382f0 elementor-section-boxed elementor-section-height-default elementor-section-height-default\" data-id=\"83382f0\" data-element_type=\"section\" data-e-type=\"section\">\n\t\t\t\t\t\t<div class=\"elementor-container elementor-column-gap-default\">\n\t\t\t\t\t<div class=\"elementor-column elementor-col-100 elementor-top-column elementor-element elementor-element-cec1600\" data-id=\"cec1600\" data-element_type=\"column\" data-e-type=\"column\">\n\t\t\t<div class=\"elementor-widget-wrap elementor-element-populated\">\n\t\t\t\t\t\t<div class=\"elementor-element elementor-element-e5cb019 elementor-align-center elementor-invisible elementor-widget elementor-widget-button\" data-id=\"e5cb019\" data-element_type=\"widget\" data-e-type=\"widget\" data-settings=\"{&quot;_animation&quot;:&quot;pulse&quot;}\" data-widget_type=\"button.default\">\n\t\t\t\t<div class=\"elementor-widget-container\">\n\t\t\t\t\t\t\t\t\t<div class=\"elementor-button-wrapper\">\n\t\t\t\t\t<a class=\"elementor-button elementor-button-link elementor-size-sm\" href=\"mailto:hello@ap-lean.ch?subject=Kanban%20Methode\">\n\t\t\t\t\t\t<span class=\"elementor-button-content-wrapper\">\n\t\t\t\t\t\t<span class=\"elementor-button-icon\">\n\t\t\t\t<i aria-hidden=\"true\" class=\"far fa-envelope\"><\/i>\t\t\t<\/span>\n\t\t\t\t\t\t\t\t\t<span class=\"elementor-button-text\">Kanban<\/span>\n\t\t\t\t\t<\/span>\n\t\t\t\t\t<\/a>\n\t\t\t\t<\/div>\n\t\t\t\t\t\t\t\t<\/div>\n\t\t\t\t<\/div>\n\t\t\t\t\t<\/div>\n\t\t<\/div>\n\t\t\t\t\t<\/div>\n\t\t<\/section>\n\t\t\t\t<\/div>\n\t\t","protected":false},"excerpt":{"rendered":"<p>Kanban als Steuerungsverfahren \u00a0 Kanban ist eine agile Methode, um den Materialfluss zu steuern &amp; zu optimieren. Man m\u00f6chte dadurch Engp\u00e4sse &amp; gleichzeitig einen zu hohen Vorrat von Produktionsmaterialien vermeiden. Die hohe Produktivit\u00e4t &amp; die Qualit\u00e4t eines Produktes soll dabei gesteigert werden, welches aus der Optimierung des Workflows resultiert. \u00a0 \u00a0 Das Grundprinzip von Kanban [&hellip;]<\/p>\n","protected":false},"author":2,"featured_media":0,"parent":0,"menu_order":0,"comment_status":"closed","ping_status":"closed","template":"","meta":{"content-type":"","footnotes":""},"class_list":["post-1378","page","type-page","status-publish","hentry"],"_links":{"self":[{"href":"https:\/\/ap-lean.ch\/index.php?rest_route=\/wp\/v2\/pages\/1378","targetHints":{"allow":["GET"]}}],"collection":[{"href":"https:\/\/ap-lean.ch\/index.php?rest_route=\/wp\/v2\/pages"}],"about":[{"href":"https:\/\/ap-lean.ch\/index.php?rest_route=\/wp\/v2\/types\/page"}],"author":[{"embeddable":true,"href":"https:\/\/ap-lean.ch\/index.php?rest_route=\/wp\/v2\/users\/2"}],"replies":[{"embeddable":true,"href":"https:\/\/ap-lean.ch\/index.php?rest_route=%2Fwp%2Fv2%2Fcomments&post=1378"}],"version-history":[{"count":0,"href":"https:\/\/ap-lean.ch\/index.php?rest_route=\/wp\/v2\/pages\/1378\/revisions"}],"wp:attachment":[{"href":"https:\/\/ap-lean.ch\/index.php?rest_route=%2Fwp%2Fv2%2Fmedia&parent=1378"}],"curies":[{"name":"wp","href":"https:\/\/api.w.org\/{rel}","templated":true}]}}