{"id":1124,"date":"2022-10-07T07:14:06","date_gmt":"2022-10-07T07:14:06","guid":{"rendered":"https:\/\/ap-lean.ch\/?page_id=1124"},"modified":"2023-04-14T19:18:57","modified_gmt":"2023-04-14T19:18:57","slug":"tpm","status":"publish","type":"page","link":"https:\/\/ap-lean.ch\/?page_id=1124","title":{"rendered":"TPM"},"content":{"rendered":"\t\t<div data-elementor-type=\"wp-page\" data-elementor-id=\"1124\" class=\"elementor elementor-1124\">\n\t\t\t\t\t\t<section class=\"elementor-section elementor-top-section elementor-element elementor-element-6ef3eec elementor-section-boxed elementor-section-height-default elementor-section-height-default\" data-id=\"6ef3eec\" data-element_type=\"section\" data-e-type=\"section\">\n\t\t\t\t\t\t<div class=\"elementor-container elementor-column-gap-default\">\n\t\t\t\t\t<div class=\"elementor-column elementor-col-100 elementor-top-column elementor-element elementor-element-6b6cb4c0\" data-id=\"6b6cb4c0\" data-element_type=\"column\" data-e-type=\"column\">\n\t\t\t<div class=\"elementor-widget-wrap elementor-element-populated\">\n\t\t\t\t\t\t<div class=\"elementor-element elementor-element-5ee9deaa elementor-invisible elementor-widget elementor-widget-text-editor\" data-id=\"5ee9deaa\" data-element_type=\"widget\" data-e-type=\"widget\" data-settings=\"{&quot;_animation&quot;:&quot;fadeIn&quot;}\" data-widget_type=\"text-editor.default\">\n\t\t\t\t<div class=\"elementor-widget-container\">\n\t\t\t\t\t\t\t\t\t<p><\/p>\n<h3><em><strong>Die Totale Produktive Instandhaltung &amp; das Management<\/strong><\/em><\/h3>\n<p>\u00a0<\/p>\n<p><em><span style=\"color: #00ccff;\"><strong>TPM<\/strong><\/span> hat zum Ziel, die Anzahl von <strong>ungeplanten St\u00f6rungen<\/strong> drastisch zu reduzieren, da diese wiederum einen Ausfall der Maschinen erzeugt &amp; ein <strong>nicht-wertsch\u00f6pfender<\/strong> Prozess entsteht.<\/em><\/p>\n<p><\/p>\n<p><\/p>\n<p><em>Um einen <strong>Ausfall<\/strong> der Maschinen so <strong>gering<\/strong> wie m\u00f6glich zu halten, werden <span style=\"text-decoration: underline;\">alle Produktionsmitarbeiter<\/span> in die Instandhaltungsarbeiten miteinbezogen:<\/em><\/p>\n<p><\/p>\n<p><\/p>\n<h6><strong><i>\u00bb Sie vollziehen leichte Wartungs- und Inspektionsarbeiten und halten damit die Anzahl von technischen St\u00f6rungen gering. \u00ab<\/i><\/strong><\/h6>\n<h6><strong><i>\u00a0<\/i><\/strong><\/h6>\n<p><\/p>\n<p><\/p>\n<p><em>Hierbei unterscheidet man die \u201e<span style=\"color: #00ccff;\"><strong>Autonome Instandhaltung<\/strong><\/span>\u201c von der \u201e<span style=\"color: #00ccff;\"><strong>Geplanten Instandhaltung<\/strong><\/span>\u201c<\/em><\/p>\n<p><em>F\u00fcr die Leistungsberechnung der Anlagenverf\u00fcgbarkeit (OEE) nutzt man Kennzahlensysteme, die sich nicht nur auf die <strong>Produktionsabteilung<\/strong> beziehen, sondern auch auf die <strong>Instandhaltungsabteilung<\/strong>. F\u00fcr die Erreichung der positiven Kennzahlen ist es von hoher Bedeutung, die <strong>abteilungs\u00fcbergreifende Kommunikation<\/strong> kontinuierlich zu verbessern &amp; geeignete Instandhaltungsmethoden anzuwenden.\u00a0<\/em><\/p>\n<p><em>Die <strong><span style=\"color: #00ccff;\">TPM<\/span><\/strong>-Methode ist vielmehr als ein Instandhaltungstool. Es verbindet einzelne Abteilungen zu einem effizienten &amp; funktionierenden grossen Ganzen.<\/em><\/p>\n<p>\u00a0<\/p>\n<p><img fetchpriority=\"high\" decoding=\"async\" class=\"alignnone size-medium wp-image-1178 aligncenter\" src=\"https:\/\/ap-lean.ch\/wp-content\/uploads\/2022\/10\/62ed10c9ac98921fc8b0ffb6-300x300.jpeg\" alt=\"\" width=\"300\" height=\"300\" srcset=\"https:\/\/ap-lean.ch\/wp-content\/uploads\/2022\/10\/62ed10c9ac98921fc8b0ffb6-300x300.jpeg 300w, https:\/\/ap-lean.ch\/wp-content\/uploads\/2022\/10\/62ed10c9ac98921fc8b0ffb6-150x150.jpeg 150w, https:\/\/ap-lean.ch\/wp-content\/uploads\/2022\/10\/62ed10c9ac98921fc8b0ffb6.jpeg 500w\" sizes=\"(max-width: 300px) 100vw, 300px\" \/><\/p>\n<p>\u00a0<\/p>\n<p style=\"text-align: center;\"><span style=\"color: #00ccff;\"><em>Interesse an unserer <strong>TPM-Methode<\/strong>? Nimm einfach Kontakt mit uns auf, unter folgendem Button \u2026<\/em><\/span><\/p>\n<p><\/p>\t\t\t\t\t\t\t\t<\/div>\n\t\t\t\t<\/div>\n\t\t\t\t\t<\/div>\n\t\t<\/div>\n\t\t\t\t\t<\/div>\n\t\t<\/section>\n\t\t\t\t<section class=\"elementor-section elementor-top-section elementor-element elementor-element-df19734 elementor-section-boxed elementor-section-height-default elementor-section-height-default\" data-id=\"df19734\" data-element_type=\"section\" data-e-type=\"section\">\n\t\t\t\t\t\t<div class=\"elementor-container elementor-column-gap-default\">\n\t\t\t\t\t<div class=\"elementor-column elementor-col-100 elementor-top-column elementor-element elementor-element-cdd469b\" data-id=\"cdd469b\" data-element_type=\"column\" data-e-type=\"column\">\n\t\t\t<div class=\"elementor-widget-wrap elementor-element-populated\">\n\t\t\t\t\t\t<div class=\"elementor-element elementor-element-0f4cf29 elementor-align-center elementor-invisible elementor-widget elementor-widget-button\" data-id=\"0f4cf29\" data-element_type=\"widget\" data-e-type=\"widget\" data-settings=\"{&quot;_animation&quot;:&quot;pulse&quot;}\" data-widget_type=\"button.default\">\n\t\t\t\t<div class=\"elementor-widget-container\">\n\t\t\t\t\t\t\t\t\t<div class=\"elementor-button-wrapper\">\n\t\t\t\t\t<a class=\"elementor-button elementor-button-link elementor-size-sm\" href=\"mailto:hello@ap-lean.ch?subject=TPM\">\n\t\t\t\t\t\t<span class=\"elementor-button-content-wrapper\">\n\t\t\t\t\t\t<span class=\"elementor-button-icon\">\n\t\t\t\t<i aria-hidden=\"true\" class=\"far fa-envelope\"><\/i>\t\t\t<\/span>\n\t\t\t\t\t\t\t\t\t<span class=\"elementor-button-text\">TPM<\/span>\n\t\t\t\t\t<\/span>\n\t\t\t\t\t<\/a>\n\t\t\t\t<\/div>\n\t\t\t\t\t\t\t\t<\/div>\n\t\t\t\t<\/div>\n\t\t\t\t\t<\/div>\n\t\t<\/div>\n\t\t\t\t\t<\/div>\n\t\t<\/section>\n\t\t\t\t<\/div>\n\t\t","protected":false},"excerpt":{"rendered":"<p>Die Totale Produktive Instandhaltung &amp; das Management \u00a0 TPM hat zum Ziel, die Anzahl von ungeplanten St\u00f6rungen drastisch zu reduzieren, da diese wiederum einen Ausfall der Maschinen erzeugt &amp; ein nicht-wertsch\u00f6pfender Prozess entsteht. Um einen Ausfall der Maschinen so gering wie m\u00f6glich zu halten, werden alle Produktionsmitarbeiter in die Instandhaltungsarbeiten miteinbezogen: \u00bb Sie vollziehen leichte [&hellip;]<\/p>\n","protected":false},"author":2,"featured_media":0,"parent":567,"menu_order":0,"comment_status":"closed","ping_status":"closed","template":"","meta":{"content-type":"","footnotes":""},"class_list":["post-1124","page","type-page","status-publish","hentry"],"_links":{"self":[{"href":"https:\/\/ap-lean.ch\/index.php?rest_route=\/wp\/v2\/pages\/1124","targetHints":{"allow":["GET"]}}],"collection":[{"href":"https:\/\/ap-lean.ch\/index.php?rest_route=\/wp\/v2\/pages"}],"about":[{"href":"https:\/\/ap-lean.ch\/index.php?rest_route=\/wp\/v2\/types\/page"}],"author":[{"embeddable":true,"href":"https:\/\/ap-lean.ch\/index.php?rest_route=\/wp\/v2\/users\/2"}],"replies":[{"embeddable":true,"href":"https:\/\/ap-lean.ch\/index.php?rest_route=%2Fwp%2Fv2%2Fcomments&post=1124"}],"version-history":[{"count":0,"href":"https:\/\/ap-lean.ch\/index.php?rest_route=\/wp\/v2\/pages\/1124\/revisions"}],"up":[{"embeddable":true,"href":"https:\/\/ap-lean.ch\/index.php?rest_route=\/wp\/v2\/pages\/567"}],"wp:attachment":[{"href":"https:\/\/ap-lean.ch\/index.php?rest_route=%2Fwp%2Fv2%2Fmedia&parent=1124"}],"curies":[{"name":"wp","href":"https:\/\/api.w.org\/{rel}","templated":true}]}}